1 + 17, 0 = -j - c - 6. What is the units digit of 4992/56 - (-1)/j?
9
Let l(x) = -x**3 - 19*x**2 + 19*x - 29. Let q be l(-20). Let w(m) = m**2 + 6*m - 13. What is the tens digit of w(q)?
1
Let n be ((-8)/3)/(((-3)/18)/(-1)). Suppose 136 = 4*o - 4*j, 4*o + 3*j + 135 = 8*o. Let g = o + n. What is the units digit of g?
7
Suppose 1832 = 2*c - 5*s, -4*c + 3612 = 8*s - 5*s. What is the units digit of c?
6
Suppose 0 = 4*b - 2*m - 0*m - 134, b - 47 = 5*m. Suppose 4*l - 640 - b = 0. What is the units digit of l?
8
Suppose 3*b = 5*b + 16. Let n(s) = -s**2 - 13*s - 19. What is the tens digit of n(b)?
2
Let j = 5 + -5. Suppose j = -2*w, -4*r - 3*w + 240 = -2*w. What is the units digit of r?
0
Let a be 6/9 - (-192)/(-18). What is the units digit of (-2*(-2)/a*30)/(-2)?
6
What is the tens digit of 8145/45 + (-2 - 8)?
7
Let n(c) = -c**3 - 2*c**2 - c - 5. Let t be n(-2). What is the units digit of 160 - (-1 + 6 + t)?
8
Let m = 368 + 323. What is the hundreds digit of m?
6
Suppose -180 = -2*w + w. What is the tens digit of w?
8
Let s be ((-2)/(-8))/(2/584). Suppose -4*l + f = -s, 0 = -2*f + 2 - 12. Let a = -10 + l. What is the units digit of a?
7
Let a(v) = v**3 + 3*v - 2. Let f be a(2). Suppose 3*r - 96 = -f. Suppose w - r = -3*w. What is the units digit of w?
7
Suppose -2*l = -5*z + 1, 0*l + 4*z = 3*l - 2. Suppose l*f - 3 = f, -5*y + 1055 = -5*f. What is the units digit of y?
4
Let c be 36/45 - 52/(-10). What is the units digit of ((-80)/60)/((-1)/c)?
8
Suppose 0 = 22*r + r - 4577. What is the units digit of r?
9
Suppose -2 = 2*k, o = -0*o + 2*k - 7. What is the units digit of 173 - (-2 + (-30)/o)*3?
9
Let f = -8 - 12. Let w = 33 + f. What is the units digit of -1 - w/(-1) - 0?
2
Suppose -2*m + m + 1 = 3*j, 0 = -5*j - 4*m + 4. Suppose 4*a + 3*n - 17 = -j*a, 0 = -n + 3. Suppose -a*p - 36 = -94. What is the tens digit of p?
2
Suppose 0 = 5*x + 25, x = f - x - 22. Let n be 36/(2 - 15/f). What is the units digit of (n/(-18))/(1/(-15))?
0
Let c(k) be the third derivative of -1/24*k**4 - 5*k**2 + 0 - 1/6*k**3 + 0*k + 1/60*k**5. What is the units digit of c(-4)?
9
Let y(x) = -2*x**2 + 7*x - 1. Let b be y(3). Let z be b + (2 - -5) + 2. Let i = z - 8. What is the units digit of i?
3
Let i = -68 - -78. Let o be (1 - 1)/(1 + 1). Suppose -4*v = 3*n - o*n - 2, 3*v = 2*n + i. What is the units digit of v?
2
Let m(k) = -10*k + 26*k - 15*k + 1. Let x(n) = -n**2 - 4*n + 2. Let b(h) = -6*m(h) - x(h). What is the units digit of b(-4)?
6
Let n(q) = 4 - 11*q**3 - 3*q**2 + q**2 + 0 + 7*q + 16*q**3. Let s be n(4). Suppose -18*i + 13*i = -s. What is the units digit of i?
4
Suppose -c + 5*r = -22, -5*c - 3*r + 0*r = 2. Let w(v) = 9*v**2 + 11*v + 18. Let m be w(-8). What is the units digit of (c/(-2))/((-11)/m)?
6
Suppose 0 = -5*m + t + 23095, -7*t + 4*t + 15 = 0. What is the tens digit of m?
2
Suppose -17*b - 294 = -5207. What is the hundreds digit of b?
2
Suppose i = -15 + 48. Suppose 5*s + 2*g - 254 = 0, -4*s + 231 = -g + i. What is the units digit of s?
0
Let a = -225 - -364. Let z = a - 85. What is the tens digit of z?
5
Suppose 0 = -3*j + 4*f + 971, -3*f + 30 - 45 = 0. What is the tens digit of j?
1
Suppose -2*b + 416 = i, -i - 68 = 3*b - 692. What is the hundreds digit of b?
2
Let u(r) = -r**2 - r. Let k(m) = -14*m**2 - 2*m + 3. Let j(f) = -k(f) + 4*u(f). What is the units digit of j(-1)?
9
Let u(w) = w**2 - w. Let n be u(1). Suppose 2*y - 4*y + 10 = n. Suppose -4*g = -y*m - 74, -m - 2 = -0. What is the units digit of g?
6
Suppose -13*z = -12*z - x - 257, -3*z + x + 773 = 0. What is the units digit of z?
8
Let c(y) = 35*y**2 - 4*y - 120. What is the tens digit of c(-7)?
2
Let j = 1248 - 531. What is the units digit of j?
7
Suppose -339 = -4*m - 31. Suppose l - m = 5*f, -7*l + 2*l + 70 = -4*f. Let r = f + 36. What is the tens digit of r?
2
Let v(x) = x**3 + 15*x**2 - 4*x + 52. What is the tens digit of v(-15)?
1
Let x(s) = -2*s**3 - 2*s + 2. Let l = 14 - 17. Let r be x(l). Suppose -7*c - r + 503 = 0. What is the units digit of c?
3
Let j be (-8)/(-32) + 1022/8. Suppose -u - u = -5*a - j, 0 = -5*u - 4*a + 254. What is the units digit of u?
4
Let j = -9 - -9. Suppose 3*b - 5*b + 10 = j. Suppose 4*p + 4*u = -p + 16, -4*p + b*u + 21 = 0. What is the units digit of p?
4
Suppose 0 = 3*m - v - 2414, -10 = -5*v + 10. What is the units digit of m?
6
Let k be ((-514)/10 - -1)*1545/(-6). What is the tens digit of k/70 + (-3)/(-5)?
8
Let q(a) = 3*a. Let d(n) = 4*n + 2. Let h be d(2). Let t be q(h). Let o = t + -9. What is the tens digit of o?
2
Let h(y) = -y**2 + 8*y - 5. Let j be h(4). Suppose j*p - 13*p + 26 = 0. What is the units digit of p?
3
Let u(t) = -51*t + 9. Let r(z) = -z**2 + 9*z + 18. Let h be r(11). What is the hundreds digit of u(h)?
2
Let a(q) = 49*q**2 + 5*q - 21. What is the thousands digit of a(5)?
1
Suppose 2*w + 5*b = -6, 24 = 3*w + w + b. Suppose w*p - 268 = 3*p. What is the tens digit of p?
6
Suppose o = -5*h + 1439, -2873 = 5*o - 7*o - 5*h. What is the units digit of o?
4
Let n = -95 + 143. Suppose -2*h + 4*h - 184 = 0. Let l = h - n. What is the tens digit of l?
4
Suppose x = -3*x + 12. Suppose 3*w + 3*w - 24 = 0. Suppose w*v - q - 64 + 7 = 0, -44 = -x*v + q. What is the units digit of v?
3
Let d(x) = 85*x + 553. What is the units digit of d(23)?
8
Let l = -213 + 380. Let b = l + -100. What is the tens digit of b?
6
What is the units digit of (1 + 2660)/((-6)/(-4))?
4
Let g(a) = 5 - a**2 + 0*a**2 - 14*a - 3*a**2 + 3*a**2. Let q be g(-14). Suppose q*v + d + 2 - 15 = 0, 19 = 2*v + 5*d. What is the units digit of v?
2
Let n(w) = w**2 - 6*w + 8. Let r be n(6). Let y = -4 + r. Suppose y*t - 13 = -1. What is the units digit of t?
3
Suppose -9 + 19 = 5*q. Suppose -4*x + 762 - 227 = 3*o, -2*o = -q. Suppose -2*v = -9*v + x. What is the units digit of v?
9
Let y(p) = -p**3 + 5*p**2 - 3*p + 4. Let g be y(4). Suppose -g*t + 5*t + 342 = 0. Suppose 7*z = 4*z + c + 75, 5*z - t = -2*c. What is the units digit of z?
4
Suppose -10*s = -6*s - 12. Suppose -s*d - 1 = -5*a + 5, -2*d - 4 = a. Suppose -5*x + k + 115 = 0, a = x - 6*k + k - 23. What is the tens digit of x?
2
Suppose -5*d - 2*f = -5681, 5*f - 1127 = d - 2*d. What is the units digit of d?
7
Suppose 4*l - 4*a - 3004 = 0, 4*l - 3007 = -12*a + 13*a. What is the units digit of l?
2
Let o(i) = 5*i - 4. Let x be o(0). What is the tens digit of (-600)/(-56) - x/14?
1
Suppose -3*d = -5*f - 34, 5*d - 4*f = f + 50. What is the units digit of d?
8
Suppose 4*k - c - 147 = 5*k, -2*k - 5*c = 291. Let n = -87 - k. What is the tens digit of n?
6
Let y = -1384 - -1882. What is the tens digit of y?
9
Suppose 10918 = 5*d - 3*u, -5*d - 3*u = -2*d - 6570. What is the hundreds digit of d?
1
Let h be 3/(-3)*(-1 + 1). Suppose 4*b - 11 - 89 = h. What is the tens digit of b?
2
What is the units digit of (-6)/(-15) - 113624/(-40)?
1
Let z(g) = 4*g**2 + 24*g + 9. Let x be z(-6). Let o = x + 196. What is the units digit of o?
5
Suppose -8*d + 14*d - 6054 = 0. What is the thousands digit of d?
1
Let b = 1576 - 516. What is the units digit of b?
0
Suppose -2*i = -4*i + 4. Suppose 35 = 5*u + 2*b, -b - i - 21 = -2*u. What is the units digit of u?
9
Let t be -3*(-4)/4 + 53. Suppose a - k = 29, 8 = 2*a - 4*k - t. What is the tens digit of a/(-2 - -3) - 0?
2
What is the thousands digit of 78/91*-7 + 1*1645?
1
Let d(k) be the first derivative of -3*k**4/2 - k**3 - 3*k**2/2 - k - 15. What is the units digit of d(-3)?
3
Let u = 2421 - 613. What is the tens digit of u?
0
Let g = -160 + 318. Suppose -g = 3*o - 5*o. Suppose -o - 29 = -3*w. What is the tens digit of w?
3
Let a be 3/6 + (-1)/2*-15. What is the tens digit of 166*(-4)/(-1*a)?
8
Suppose 5*v = 8 + 22. Suppose 0 = -h + v - 3. Suppose 12 = -h*m + 123. What is the tens digit of m?
3
Let b = 585 + -78. What is the units digit of b?
7
Let u(y) = -5*y + 15. Let q(g) = -g**3 + 8. Let w be q(0). Let s be u(w). What is the units digit of (-8)/(-20) + (-365)/s?
5
Let r(w) = -3*w - 2. Let y be r(-8). Suppose -3*x + 97 = y. Suppose 17 = 2*z - x. What is the tens digit of z?
2
Let t(y) = -1 + 2 - 2*y - 2*y + 0*y + 2*y**2 + y**3. Let x be t(-3). What is the tens digit of (52/(-6))/(x/(-6))?
1
Let d = -507 + 1482. What is the units digit of d?
5
What is the hundreds digit of (0 - -4864) + -119 + 112?
8
Suppose 172 =